0))?
-1
Evaluate -3 + 1 + 3 + -2 + -1.
-2
Evaluate (-3 - (-3 + 6)) + (1 - -3).
-2
Evaluate (2 - 1) + -5 + 6 - 6.
-4
What is the value of 4 + 5 + -4 - 1?
4
Calculate 2 + (4 - (5 - 0)) + 3.
4
What is the value of 0 + (12 - -4 - 9)?
7
What is -9 - 0 - (58 + -67)?
0
Calculate -6 + 3 + 0 + 0 + 4.
1
Calculate 3 + -5 + (9 - (3 + -2)).
6
Calculate (7 - 0) + (-18 - -16).
5
12 + -4 - (-10 - (4 - 11))
11
-9 - -2 - (-26 - -23)
-4
What is (-5 + (6 - 10) - -3) + 10?
4
Calculate (-4 - (6 + 3)) + 8.
-5
What is 0 + 5 - (74 - 69)?
0
Calculate (0 - (8 - 5)) + 0.
-3
Evaluate -8 - (-7 + 4) - (0 + -1).
-4
-4 + 11 - (5 - 6) - 7
1
Calculate (0 - 4) + (-50 - -58).
4
What is the value of 1 - (-1 + 1) - (6 + -5)?
0
Evaluate -1 + (-1 - 1) + 8 + -3.
2
Calculate 11 + (-15 - (12 - 12)).
-4
What is 0 + -4 + 5 + 3?
4
Evaluate (-12 - -12) + -5 + 10.
5
What is 111 - 114 - (2 - -1)?
-6
Evaluate 1 + -4 - (4 + -10 + 0).
3
Calculate 1 + (3 - 4) - (-12 + 12).
0
Evaluate -9 + 11 + 18 - 10.
10
What is 0 - ((2 - 3) + -6 + 2)?
5
Evaluate -5 + -3 + 0 + 3.
-5
3 + -6 + (3 - 3) + 1
-2
What is -5 - (7 + -20 + 3)?
5
(-4 - (-5 + 10)) + 1 + 8
0
Calculate 15 + (8 - 19) - (4 - 0).
0
-5 - (3 - (1 + 13)) - 11
-5
What is the value of -16 + 13 - (2 + -1) - 0?
-4
Calculate 1 + -1 + (1 - 5) + -2.
-6
What is 5 + -4 + -2 + 6?
5
What is the value of 0 + 0 + 6 - 4?
2
(6 - 4) + (-2 - 0)
0
What is 15 + -27 + (8 - 1)?
-5
Evaluate -19 + -3 + (19 - 4).
-7
What is the value of -3 + (-6 - (7 + -4 - 17))?
5
What is the value of (10 - -2) + (-2 - (-5 + 8))?
7
What is the value of 3 + 0 - (0 + 7 + 1)?
-5
What is the value of -5 + 3 + -7 + 4?
-5
2 + -3 + 3 - (2 - -1)
-1
Evaluate (-15 - -17) + -1 + 2.
3
What is (-9 - -13) + -4 + 2?
2
What is the value of 1 - (-2 + -3 - -2)?
4
What is the value of 4 - 1 - -3 - (-15 - -15)?
6
Evaluate (-2 - (1 - 1)) + -2.
-4
5 + -2 + 8 - 10
1
Evaluate 10 + (-6 - -7 - 9).
2
What is the value of -12 + (12 - 17 - -15)?
-2
-3 - (-2 + (-4 - -8))
-5
-2 - ((2 - 3 - -4) + -1)
-4
18 - 10 - (0 + 11)
-3
Evaluate 2 - (1 - (-11 + 2 + 5)).
-3
What is the value of 0 + -2 + 3 - (3 - 6)?
4
1 + (9 - ((-2 - -3) + 3))
6
-7 + (-4 - -13 - 7)
-5
-2 - (6 - (5 + 0))
-3
Evaluate 1 + -6 + 4 - 0.
-1
Calculate -10 + 23 + -18 + 8.
3
What is the value of -1 - (-2 + 6) - -2?
-3
-4 - ((-13 - -6) + -2 + 2)
3
Evaluate (-1 - 4) + (-20 - -19).
-6
Evaluate -3 - (-7 - -4) - (-2 + 5).
-3
What is the value of 5 - (1 + 2 + 5)?
-3
What is the value of -2 + (-4 + -1 + 0 - -6)?
-1
What is the value of (3 - (2 + -2)) + 1 + -3?
1
What is (20 - 25) + (0 - 3) + 4?
-4
Evaluate -8 - (-17 + 18 + (-6 - -2)).
-5
Evaluate 33 - 51 - (1 + -10).
-9
What is 3 + -8 + -3 - (-25 - -21)?
-4
Evaluate 2 - (-3 + 3) - 6.
-4
Calculate (0 - 4 - (19 + -23)) + 3.
3
Calculate (3 - (6 - 3)) + (16 - 15).
1
Evaluate (3 + 3 - 10) + 2.
-2
1 - (-3 - (6 - 4) - -7)
-1
What is 0 + 0 + (-3 - -2) + 3?
2
Evaluate (13 - 7) + (0 - 1).
5
Calculate -1 - 1 - 0 - -9 - 3.
4
(1 - 5) + 78 + -73
1
Evaluate -8 + (0 - -4) - (0 - 4).
0
What is 66 - 62 - (0 - 2 - -13)?
-7
0 - ((2 - 5) + 6 + -8)
5
(-3 - (-2 - (4 + 2))) + -7
-2
What is the value of -2 - ((-5 - -5) + -3 + 4)?
-3
Calculate 3 + 8 - -2 - 8.
5
Evaluate -3 + 2 + (-4 - -7) + 0.
2
(-5 - -8) + 9 - 9
3
What is the value of 11 + 1 + -5 + -2?
5
What is the value of 0 + -1 - (3 - (14 + -19))?
-9
Evaluate 0 - (-2 + (-3 - -10)).
-5
Calculate -2 + (0 - 2) + -2 + 2.
-4
0 - ((3 - 1) + -5)
3
Calculate (-1 - -4) + 0 + 3.
6
What is -1 - 3 - (-5 + (1 - -1))?
-1
What is the value of -5 + 3 + -2 + (6 - -2)?
4
Evaluate 1 + -3 + (1 - 3) + 0.
-4
Evaluate (-2 - 0) + (5 - 16) + 19.
6
What is 0 - -4 - (5 + -1)?
0
(0 + -2 - (-1 + -2)) + -5
-4
Evaluate (-2 - 1) + (-4 - -6 - 2).
-3
Calculate -4 - (-9 + (-6 - -10)) - -4.
5
What is 5 - 10 - -1 - -11?
7
Evaluate (-3 - -3) + (3 - (-2 + 0)).
5
Calculate 3 - (4 + 2 + (4 - 5)).
-2
Evaluate (2 - 0) + (9 - -5) + -9.
7
(3 - 3) + (-2 - (-6 + 1))
3
Evaluate (3 - (3 + -6 - -13)) + 3.
-4
Calculate -1 + (6 - 3) - -2 - 10.
-6
What is the value of -4 + -2 + 15 + 1 + -5?
5
140 + -140 - (3 + (1 - 1))
-3
What is the value of (-12 + 8 - (0 - 1)) + -2?
-5
Calculate -2 - (0 + 0 + -2).
0
-10 - (-6 - (8 + -4 - 4))
-4
What is 5 + -1 + 11 + -11?
4
What is the value of -73 + 67 - (-1 + -11)?
6
Calculate 23 - 18 - (-1 - -8).
-2
Calculate -4 - ((4 - 2) + -2).
-4
What is -8 + -4 + 7 - -2?
-3
What is 0 + 4 + 7 - 5?
6
What is -6 + 2 + -2 + 2?
-4
What is (1 - (-1 + -2)) + (-11 - -12)?
5
What is the value of 0 - (2 - 3 - 0 - 2)?
3
What is 4 - ((4 - 0) + -2)?
2
Calculate (-5 - -3) + 5 + -2.
1
-2 + 11 + (-19 - -12) - 3
-1
Calculate (8 - 9) + 1 - -3.
3
Calculate 0 + (4 - (3 + 2)).
-1
Calculate -3 + 20 + -7 - 7.
3
Calculate (-1 - (-1 - 4) - 3) + 4.
5
18 + 1 + -6 - 7
6
Evaluate 1 + 0 - (25 + -26).
2
What is the value of (-8 - 7) + (5 - -2) - -1?
-7
Calculate (0 - -1) + 5 + -112 + 110.
4
Evaluate (6 - 10 - (4 + -3)) + 1.
-4
Calculate 5 + (4 + -20 - -4) + 11.
4
What is 1 + (-5 + 10 - 2 - 3)?
1
(1 - -8) + -3 - 2 - 0
4
What is the value of -2 - ((-3 - 1) + 4)?
-2
Calculate -2 + -1 - 2 - (4 + -8).
-1
-7 + (0 - -3) - -4 - 4
-4
What is the value of -26 + 26 - (1 + -1)?
0
What is 19 + (-1 - (-7 + 6) - 8)?
11
Calculate 51 + -58 + (-2 - (2 - 9)).
-2
What is 4 - 3 - 3 - -6?
4
What is -7 - -2 - (8 + -7)?
-6
(13 - 5) + -6 + 2
4
What is 0 + 4 - (-3 + 7)?
0
Evaluate (2 - (-4 - -6)) + -5.
-5
What is the value of 4 + 4 + -7 + 3?
4
Calculate -3 - (-4 + 4 + -1 + -2).
0
Calculate (-3 - (3 - 8)) + -5.
-3
5 - (7 - 6) - 8
-4
What is (4 + -5 + 0 - 6) + 3?
-4
Calculate (-4 - (2 + -11)) + -8.
-3
What is the value of (6 - 1) + (5 - 5) + -8?
-3
4 - (3 + 3 + 1)
-3
Calculate -1 + (5 - 3 - (6 + 0)).
-5
What is 3 - (2 - 1) - (-1 + -3)?
6
Evaluate 1 - -2 - (-2 + -5 - -5).
5
What is the value of 1 - (3 - 0) - 3?
-5
What is 0 - (6 - 2) - (1 + -10)?
5
Evaluate (3 - -2) + (11 - 10 - 0).
6
Calculate 5 - (1 - (-5 + 2)) - 2.
-1
What is 3 + -8 + 5 - (1 + -2)?
1
What is the value of -7 - (7 - (13 - -5))?
4
13 + -11 - (-2 + 1 + 1)
2
What is -1 - (5 - 5) - (-4 - 1)?
4
What is the value of 5 + (-7 - 0 - -3) - 3?
-2
Calculate (2 - (3 + -1)) + 3 + 1.
4
What is the value of (6 - (0 - -2)) + 4 - 8?
0
Calculate -37 + 39 - (1 - (-1 + 3)).
3
What is the value of -155 + 152 + (0 - (2 + -2))?
-3
What is -1 + -4 + -1 - -3 - -2?
-1
Evaluate (4 - 0) + 6 + -6.
4
Calculate -60 + 62 - (1 - (-3 + 0)).
-2
What is 8 + -6 + 1 - 5?
-2
Evaluate (3 + -7 + 3 - -3) + -6.
-4
What is 21 + -22 - (1 + 0) - -1?
-1
-2 - -2 - (-23 + 25)
-2
0 + 4 + (-3 - -13 - 14)
0
Evaluate (-25 - -23) + (1 - -7).
6
Evaluate 0 + -4 + 0 + 1.
-3
What is -1 - 0 - (3 + -1 - 8)?
5
Evaluate 4 + (-5 - -8 - 4).
3
Evaluate 10 + -3 + 15 + -17.
5
Evaluate -8 - (4 + 3 - (-5 + 9)).
-11
What is -5 - (-3 + 2) - (1 - 8)?
3
Calculate 0 + -5 + 7 + -2.
0
What is (7 - (10 - -5)) + 9?
1
What is -11 + 0 + 17 + -8?
-2
2 + 1 + 2 + -7 + 1
-1
Calculate 7 - (4 - (1 - -1)).
5
What is the value of (-3 - (3 + -3)) + (16 - 15)?
-2
(-3 - -2 - -2) + (58 - 54)
5
What is -6 - (-4 + (12 - 2) + -11)?
-1
What is the value of 0 - 1 - (-1 + 1) - 4?
-5
What is 1 + -4 + (27 - 5) - 8?
11
What is the value of (3 - -1) + (-6 - (-1 + -6))?
5
What is 13 + -9 + -2 + 6?
8
Evaluate (1 - 1 - -4) + (-27 - -21).
-2
Evaluate -2 + (5 - (-9 + 5 + 1)).
6
What is 6 + -1 - (-29 + 35)?
-1
Evaluate 5 + -6 + 0 + (3 - 0).
2
Calculate (-1 - -1) + 2 + (-3 - 2).
-3
5 - 0 - (-58 + 60)
3
What is the value of 4 + (-6 - (3 + -8 - -4))?
-1
(19 + -10 - 18) + 10
1
1 + -14 + (-1 - -6)
-8
-35 + 38 + (-2 - 6)
-5
9 - (9 + -3 + 10)
-7
(-16 - -13) + (-9 - -7)
-5
-24 + 23 - (-4 - (0 + -1))
2
What is 21 - 18 - (-1 + -2)?
6
What is 11 - (6 + -7 + 5 - -3)?
4
What is 4 + -6 - (1 - 4)?
1
What is the value of 2 + -6 - (7 + (-11 - -4))?
-4
What is (-6 - -2 - -1) + 0?
-3
What is 12 + (-7 - 2) + 0?
3
What is the value of -9 + (4 - (5 + -6))?
-4
Evaluate (1 - -3) + -2 + -3 + -1.
-2
-3 - ((1 - 2) + (-3 - -4))
-3
6 - (-4 + (-3 + 10 - 0))
3
Evaluate -7 + -1 + 0 - -8.
0
What is the value of (5 - (0 - -6 - 4)) + -5?
-2
Evaluate (3 + -4 - 3) + 6.
2
What is the value of -4 + (1 - (-5 - -5)) + 1?
-2
What is the value of -10 - (-15 - (8 + -7))?
6
Evaluate 7 + -2 + 1 + -7.
-1
What is -13 - -9 - (-6 + 1)?
1
What is 0 - (4 + -9) - -4?
9
What is the value of -1 + -9 + 6 + (4 - -2)?
2
What is the value of 7 - (1 - -7) - (0 + -2